111119 prime?
True
Is 50989 a composite number?
False
Is 60715 a composite number?
True
Is 16057 composite?
False
Is 6521 prime?
True
Is 112967 composite?
False
Is 100403 a composite number?
False
Is 5663 prime?
False
Is 10961 a composite number?
True
Is 247963 prime?
False
Is 3457 prime?
True
Is 282017 prime?
False
Is 5557 a composite number?
False
Is 12895 prime?
False
Is 121903 composite?
True
Is 150167 a composite number?
True
Is 167605 a composite number?
True
Is 34737 a composite number?
True
Is 160561 composite?
True
Is 12197 a composite number?
False
Is 2633 a prime number?
True
Is 47023 prime?
False
Is 28789 prime?
True
Is 31279 a composite number?
True
Is 1511 prime?
True
Is 1145995 composite?
True
Is 2815 a composite number?
True
Is 16197 prime?
False
Is 13597 a composite number?
False
Is 3818501 a prime number?
True
Is 8597 a prime number?
True
Is 76363 a composite number?
True
Is 20849 a prime number?
True
Is 9133 a prime number?
True
Is 4441 composite?
False
Is 7017 a composite number?
True
Is 991261 a composite number?
False
Is 71081 prime?
True
Is 647485 prime?
False
Is 3857159 a prime number?
False
Is 103673 composite?
True
Is 75869 composite?
False
Is 6821 a composite number?
True
Is 1443233 a prime number?
False
Is 32677 composite?
True
Is 6121 a composite number?
False
Is 761897 a composite number?
False
Is 16123 prime?
False
Is 85597 a prime number?
True
Is 409 a composite number?
False
Is 145091 prime?
True
Is 334861 composite?
False
Is 34987 a composite number?
True
Is 90578 composite?
True
Is 3593 composite?
False
Is 1829213 a composite number?
True
Is 11657 a composite number?
False
Is 225919 prime?
True
Is 67339 a prime number?
True
Is 5779951 a composite number?
True
Is 85313 a composite number?
False
Is 1901 composite?
False
Is 10027 composite?
True
Is 17377 composite?
False
Is 11771 prime?
False
Is 95177 a prime number?
True
Is 2317 prime?
False
Is 1927 a prime number?
False
Is 387227 a composite number?
False
Is 20471 a composite number?
True
Is 968249 prime?
False
Is 63227 a prime number?
False
Is 731219 a prime number?
True
Is 365627 a composite number?
False
Is 6547 composite?
False
Is 126265 a composite number?
True
Is 19441 a prime number?
True
Is 511061 composite?
False
Is 6557 a prime number?
False
Is 383791 a prime number?
True
Is 13027 a composite number?
True
Is 25057 prime?
True
Is 38977 a composite number?
False
Is 235373 a prime number?
False
Is 431047 composite?
False
Is 10099 a prime number?
True
Is 1979843 prime?
False
Is 1290863 a prime number?
False
Is 16684471 a composite number?
False
Is 6007 prime?
True
Is 90787 prime?
True
Is 31303 composite?
True
Is 278401 a composite number?
True
Is 150485 a composite number?
True
Is 880439 a prime number?
False
Is 315349 a composite number?
False
Is 54151 prime?
True
Is 54709 a prime number?
True
Is 352441 composite?
False
Is 5847 prime?
False
Is 96643 prime?
True
Is 7123 prime?
False
Is 6947 a composite number?
False
Is 33987 composite?
True
Is 46063 a composite number?
True
Is 165811 composite?
False
Is 1045321 composite?
False
Is 20311 prime?
False
Is 61001 a composite number?
False
Is 25723 prime?
False
Is 1057 a composite number?
True
Is 161033 prime?
True
Is 1146415 composite?
True
Is 107519 composite?
True
Is 61771 a composite number?
True
Is 140279 a composite number?
True
Is 11549 composite?
False
Is 3881 a composite number?
False
Is 43117 composite?
False
Is 53903 composite?
True
Is 16105 a composite number?
True
Is 333561 composite?
True
Is 1440437 a prime number?
True
Is 29641 a composite number?
False
Is 110938 a composite number?
True
Is 16013 a composite number?
True
Is 15063 a composite number?
True
Is 13739 composite?
True
Is 390389 composite?
False
Is 1884957 a prime number?
False
Is 21089 a composite number?
False
Is 1584283 prime?
True
Is 319469 a prime number?
True
Is 106577 a prime number?
False
Is 12311 a prime number?
False
Is 11027 prime?
True
Is 1739 composite?
True
Is 555143 a composite number?
False
Is 1511 a composite number?
False
Is 272419 composite?
True
Is 528293 composite?
True
Is 49183 composite?
True
Is 65573 a composite number?
True
Is 113 a prime number?
True
Is 10294 prime?
False
Is 47011 prime?
False
Is 7033 a prime number?
False
Is 25369 a prime number?
False
Is 25535 composite?
True
Is 106378 a prime number?
False
Is 2858374 a composite number?
True
Is 21701 composite?
False
Is 329059 a prime number?
True
Is 8499 a prime number?
False
Is 63929 a prime number?
True
Is 20477 a composite number?
False
Is 929417 composite?
False
Is 1141 prime?
False
Is 346703 composite?
True
Is 42043 composite?
False
Is 5197 composite?
False
Is 17767 a composite number?
True
Is 99097 a composite number?
True
Is 921559 a composite number?
True
Is 31687 a composite number?
False
Is 12013 a prime number?
False
Is 39089 a composite number?
False
Is 7297 a composite number?
False
Is 25667 a composite number?
False
Is 24071 a composite number?
False
Is 9271 a prime number?
False
Is 3389 a prime number?
True
Is 158489 a prime number?
True
Is 493 prime?
False
Is 182233 a prime number?
True
Is 8057 prime?
False
Is 3809 a prime number?
False
Is 51857 a composite number?
True
Is 1683067 a prime number?
True
Is 620297 a prime number?
True
Is 113657 composite?
False
Is 57329 a composite number?
False
Is 202715 prime?
False
Is 15427 prime?
True
Is 914 prime?
False
Is 254347 prime?
False
Is 2353 a prime number?
False
Is 896015 a composite number?
True
Is 3883417 prime?
True
Is 24989 a composite number?
False
Is 43853 a composite number?
False
Is 11159 a composite number?
False
Is 1222429 a prime number?
False
Is 1530467 a prime number?
False
Is 116089 a composite number?
False
Is 4390337 composite?
True
Is 10599 a composite number?
True
Is 136874 a prime number?
False
Is 38373 prime?
False
Is 949111 a composite number?
False
Is 2119 a composite number?
True
Is 3260969 prime?
True
Is 67885 a prime number?
False
Is 56843 prime?
True
Is 153689 composite?
False
Is 21769 prime?
False
Is 371401 composite?
True
Is 267341 prime?
True
Is 582421 composite?
True
Is 4421 prime?
True
Is 4559 prime?
False
Is 307387 prime?
False
Is 89363 prime?
True
Is 25257 a composite number?
True
Is 168621 prime?
False
Is 67591 composite?
True
Is 437027 a composite number?
True
Is 25841 a composite number?
False
Is 21661 prime?
True
Is 18583 a prime number?
True
Is 3777 a composite number?
True
Is 346165 a prime number?
False
Is 89051 a composite number?
False
Is 39971 a composite number?
False
Is 14509 a prime number?
False
Is 9029 a prime number?
True
Is 51931 prime?
False
Is 384247 composite?
False
Is 100043 a composite number?
False
Is 316339 composite?
False
Is 258859 composite?
True
Is 11863 a composite number?
False
Is 1709 prime?
True
Is 48707 prime?
False
Is 21467 a composite number?
False
Is 5147 composite?
False
Is 11209 prime?
False
Is 708641 prime?
True
Is 19561 a composite number?
True
Is 160933 a composite number?
False
Is 7121 prime?
True
Is 13567 prime?
True
Is 19322 a prime number?
False
Is 7183 a composite number?
True
Is 42169 prime?
True
Is 17821 a prime number?
False
Is 335 composite?
True
Is 79309 composite?
False
Is 434833 composite?
True
Is 1189231 a prime number?
True
Is 57547 prime?
False
Is 5051 prime?
True
Is 52999 a prime number?
True
Is 33545 a composite number?
True
Is 13579 a composite number?
True
Is 5244249 prime?
False
Is 545485 composite?
True
Is 2263633 composite?
False
Is 43819 composite?
True
Is 4327 a prime number?
True
Is 4819 a prime number?
False
Is 2078 a prime number?
False
Is 3722 prime?
False
Is 4783 a prime number?
True
Is 25733 prime?
True
Is 276817 prime?
True
Is 135893 a prime number?
True
Is 495527 prime?
True
Is 754237 a composite number?
True
Is 324845 prime?
False
Is 1535 a prime number?
False
Is 25523 prime?
True
Is 17851 composite?
False
Is 167 a prime number?
True
Is 181361 composite?
False
Is 125483 a prime number?
False
Is 1637 a composite number?
False
Is 8081 a composite number?
False
Is 14699 prime?
True
Is 27941 prime?
True
Is 198301 composite?
False
Is 593933 composite?
False
Is 36433 a prime number?
True
Is 165941 prime?
True
Is 3195899 a composite number?
True
Is 436367 composite?
True
Is 55103 a composite 